f 279414?
True
Is 143 a factor of 1693701?
False
Does 3 divide 75851?
False
Does 28 divide 627812?
False
Is 30887823 a multiple of 24?
False
Does 15 divide 39698?
False
Is 65 a factor of 7807995?
True
Is 12410279 a multiple of 1087?
True
Is 74 a factor of 389832?
True
Does 17 divide 7990?
True
Is 6 a factor of 3692778?
True
Is 12 a factor of 588559?
False
Does 237 divide 87094?
False
Does 13 divide 237658?
False
Is 4696087 a multiple of 24?
False
Is 95004 a multiple of 513?
False
Is 6 a factor of 1659786?
True
Is 1114990 a multiple of 6?
False
Is 47 a factor of 80447?
False
Is 385667 a multiple of 11?
False
Is 7064330 a multiple of 13?
True
Is 23 a factor of 660486?
False
Does 28 divide 2938376?
True
Is 27360 a multiple of 12?
True
Is 52947 a multiple of 20?
False
Is 1364280 a multiple of 266?
False
Is 8 a factor of 12305712?
True
Is 12799864 a multiple of 44?
True
Is 7 a factor of 72849?
True
Does 396 divide 404712?
True
Is 897 a factor of 5080716?
False
Is 263128 a multiple of 62?
True
Is 4936635 a multiple of 165?
True
Is 358437 a multiple of 13?
False
Is 130023 a multiple of 8?
False
Is 9646576 a multiple of 14?
False
Does 109 divide 40381?
False
Does 57 divide 272671?
False
Is 859394 a multiple of 6?
False
Does 3 divide 305071?
False
Is 28 a factor of 84812?
True
Does 279 divide 1029231?
True
Is 2304590 a multiple of 5?
True
Does 57 divide 3252762?
True
Is 351619 a multiple of 241?
True
Is 208111 a multiple of 122?
False
Is 35690 a multiple of 43?
True
Is 434 a factor of 317623?
False
Is 342402 a multiple of 601?
False
Does 9 divide 1232964?
True
Is 71097 a multiple of 39?
True
Is 8634877 a multiple of 52?
False
Is 19 a factor of 1232663?
True
Does 249 divide 742767?
True
Is 127076 a multiple of 568?
False
Is 4451039 a multiple of 85?
False
Is 727496 a multiple of 11?
True
Is 1593480 a multiple of 14?
True
Does 3 divide 1844394?
True
Is 554869 a multiple of 217?
True
Is 1749144 a multiple of 31?
True
Is 2890976 a multiple of 172?
True
Is 12 a factor of 293160?
True
Is 25 a factor of 14737341?
False
Does 126 divide 1646820?
True
Is 111804 a multiple of 2?
True
Does 242 divide 1294216?
True
Does 76 divide 246544?
True
Does 369 divide 1436148?
True
Is 1914976 a multiple of 206?
True
Is 211280 a multiple of 95?
True
Does 17 divide 69758?
False
Does 399 divide 2306619?
True
Does 36 divide 15604460?
False
Is 818 a factor of 2418826?
True
Is 174 a factor of 244915?
False
Does 104 divide 14931800?
True
Does 7 divide 3668942?
False
Is 2625296 a multiple of 142?
True
Does 471 divide 415153?
False
Is 73 a factor of 118033?
False
Is 244800 a multiple of 20?
True
Does 8 divide 87640?
True
Is 21 a factor of 198009?
True
Is 58 a factor of 1031128?
False
Is 603 a factor of 6715012?
False
Is 317297 a multiple of 47?
True
Does 24 divide 287832?
True
Does 63 divide 63179?
False
Is 2559 a multiple of 58?
False
Is 3 a factor of 958181?
False
Is 754812 a multiple of 29?
True
Does 12 divide 713760?
True
Is 1295856 a multiple of 6?
True
Is 85920 a multiple of 15?
True
Does 296 divide 3572720?
True
Does 271 divide 666660?
True
Does 121 divide 126687?
True
Does 15 divide 6228549?
False
Does 26 divide 139941?
False
Does 212 divide 4113215?
False
Is 68 a factor of 552024?
True
Is 29 a factor of 505035?
True
Is 202593 a multiple of 405?
False
Does 24 divide 1178040?
True
Is 103110 a multiple of 15?
True
Does 66 divide 862426?
False
Is 8 a factor of 9256408?
True
Is 2054 a factor of 930462?
True
Is 2157750 a multiple of 1370?
True
Is 4 a factor of 161252?
True
Is 424792 a multiple of 7?
False
Is 196 a factor of 2183048?
True
Is 293 a factor of 6580993?
False
Is 10729472 a multiple of 806?
True
Is 2 a factor of 2267603?
False
Is 1597 a factor of 6113387?
False
Is 773968 a multiple of 16?
True
Does 58 divide 2397530?
False
Is 6816545 a multiple of 109?
False
Is 470 a factor of 5182690?
True
Is 303690 a multiple of 5?
True
Is 652307 a multiple of 32?
False
Is 52288 a multiple of 304?
True
Is 438 a factor of 4748756?
False
Is 1420956 a multiple of 54?
True
Does 1418 divide 4099438?
True
Does 1118 divide 11087888?
False
Does 7 divide 180767?
False
Does 22 divide 551542?
False
Does 15 divide 472420?
False
Is 8 a factor of 107024?
True
Does 41 divide 20465?
False
Does 84 divide 397495?
False
Is 328 a factor of 1797181?
False
Is 3637323 a multiple of 14?
False
Is 13004935 a multiple of 144?
False
Does 693 divide 11684673?
True
Is 613 a factor of 61913?
True
Does 65 divide 171405?
True
Is 12 a factor of 262391?
False
Is 101405 a multiple of 121?
False
Is 254 a factor of 865124?
True
Is 26 a factor of 178339?
False
Does 772 divide 4943888?
True
Is 223270 a multiple of 607?
False
Is 7 a factor of 19040?
True
Is 47 a factor of 49867?
True
Does 28 divide 85680?
True
Is 65 a factor of 2357290?
True
Is 304 a factor of 3089856?
True
Is 2805948 a multiple of 579?
False
Is 818638 a multiple of 187?
False
Does 860 divide 9265640?
True
Does 53 divide 2307627?
False
Is 63 a factor of 702079?
False
Is 15376171 a multiple of 197?
False
Does 9 divide 7077800?
False
Is 9 a factor of 299786?
False
Is 32 a factor of 4934066?
False
Is 257 a factor of 5929067?
False
Is 2084775 a multiple of 665?
True
Is 460 a factor of 36742617?
False
Is 628665 a multiple of 7?
False
Is 6286640 a multiple of 699?
False
Is 55 a factor of 11254332?
False
Does 9 divide 8422?
False
Is 26 a factor of 87906?
True
Is 1596340 a multiple of 5?
True
Does 11 divide 289697?
False
Is 241136 a multiple of 112?
True
Is 43 a factor of 22747?
True
Is 299285 a multiple of 160?
False
Does 41 divide 33128?
True
Is 4541160 a multiple of 123?
True
Is 108 a factor of 79958?
False
Does 574 divide 1794494?
False
Is 104 a factor of 4766944?
True
Does 103 divide 178082?
False
Is 320292 a multiple of 6?
True
Does 3 divide 823931?
False
Is 12 a factor of 1038027?
False
Does 14 divide 133476?
True
Is 945 a factor of 12313258?
False
Does 4 divide 335880?
True
Is 77 a factor of 123046?
True
Does 871 divide 831805?
True
Is 23 a factor of 794121?
True
Does 18 divide 310752?
True
Does 28 divide 379456?
True
Is 43 a factor of 2990693?
True
Is 453 a factor of 3303508?
False
Is 14 a factor of 50526?
True
Is 453096 a multiple of 744?
True
Does 81 divide 51759?
True
Is 77 a factor of 169032?
False
Is 347 a factor of 1385597?
False
Is 3003838 a multiple of 24?
False
Does 6 divide 4532887?
False
Is 14 a factor of 584136?
True
Is 2943544 a multiple of 11?
False
Does 35 divide 37520?
True
Does 120 divide 605215?
False
Is 106 a factor of 3200776?
True
Is 467019 a multiple of 21?
True
Is 211145 a multiple of 256?
False
Is 48160 a multiple of 302?
False
Is 56 a factor of 1271032?
True
Is 5 a factor of 26269?
False
Does 58 divide 379900?
True
Does 9 divide 14023899?
True
Is 42 a factor of 19241628?
True
Is 17 a factor of 5828722?
True
Is 146996 a multiple of 377?
False
Does 31 divide 6326728?
True
Does 147 divide 780864?
True
Is 4704849 a multiple of 37?
False
Is 39 a factor of 7839673?
False
Is 5522171 a multiple of 553?
False
Is 178 a factor of 1828868?
False
Does 141 divide 859840?
False
Is 132 a factor of 1367006?
False
Is 3 a factor of 7700?
False
Is 155 a factor of 393709?
False
Is 7 a factor of 17852?
False
Is 83994 a multiple of 27?
False
Is 1758618 a multiple of 298?
False
Does 129 divide 549411?
True
Is 554516 a multiple of 176?
False
Is 5356917 a multiple of 1066?
False
Is 1737426 a multiple of 577?
False
Does 43 divide 1779254?
True
Does 17 divide 2082348?
False
Does 161 divide 45241?
True
Does 85 divide 138200?
False
Does 21 divide 21021?
True
Is 76 a factor of 308870?
False
Is 49061 a multiple of 71?
True
Is 21122 a multiple of 179?
True
Is 272 a factor of 127024?
True
Is 41243 a multiple of 2?
False
Is 54113 a multiple of 53?
True
Is 7 a factor of 1427634?
False
Does 24 divide 29971?
False
Is 7147473 a multiple of 247?
False
Does 168 divide 7042056?
True
Is 1757736 a multiple of 24?
True
Is 168 a factor of 7403525?
False
Is 1705350 a multiple of 25?
True
Is 10771 a multiple of 306?
False
Is 354019 a multiple of 276?
False
Is 877088 a multiple of 5?
False
Is 165 a factor of 302775?
True
Is 221 a factor of 675376?
True
Does 4 divide 2746920?
True
Is 5091405 a multiple of 33?
True
Is 17404174 a multiple of 14?
False
Is 525382 a multiple of 160